{"id":1702,"date":"2020-12-23T16:57:23","date_gmt":"2020-12-23T15:57:23","guid":{"rendered":"https:\/\/www.moench-werbetechnik.de\/?page_id=1702"},"modified":"2020-12-24T04:04:35","modified_gmt":"2020-12-24T03:04:35","slug":"ihre-individuelle-schaufensterbeschriftung-%e2%96%ba-attraktiv-%e2%9c%93-saisonal-%e2%9c%93-ganzjaehrig-%e2%9c%93-themenbezogen-%e2%9c%93-jetzt-beraten-lassen-%e2%96%ba","status":"publish","type":"page","link":"https:\/\/www.moench-werbetechnik.de\/?page_id=1702","title":{"rendered":"Schaufensterbeschriftung in Stuttgart"},"content":{"rendered":"<p>[et_pb_section fb_built=&#8220;1&#8243; fullwidth=&#8220;on&#8220; admin_label=&#8220;section&#8220; _builder_version=&#8220;3.0.47&#8243;][et_pb_fullwidth_slider admin_label=&#8220;Fullwidth Slider&#8220; _builder_version=&#8220;3.21.1&#8243; header_font=&#8220;||||||||&#8220; background_size=&#8220;default&#8220; background_position=&#8220;default&#8220; box_shadow_style=&#8220;preset6&#8243; box_shadow_blur=&#8220;10px&#8220; box_shadow_color=&#8220;rgba(0,0,0,0.1)&#8220; custom_padding=&#8220;|||&#8220; custom_padding_tablet=&#8220;|||&#8220; custom_padding_phone=&#8220;|||&#8220; auto=&#8220;on&#8220; auto_speed=&#8220;5000&#8243; remove_inner_shadow=&#8220;off&#8220; hide_content_on_mobile=&#8220;off&#8220; hide_cta_on_mobile=&#8220;off&#8220; show_inner_shadow=&#8220;on&#8220; button_letter_spacing_hover=&#8220;0&#8243; button_text_size__hover_enabled=&#8220;off&#8220; button_one_text_size__hover_enabled=&#8220;off&#8220; button_two_text_size__hover_enabled=&#8220;off&#8220; button_text_color__hover_enabled=&#8220;off&#8220; button_one_text_color__hover_enabled=&#8220;off&#8220; button_two_text_color__hover_enabled=&#8220;off&#8220; button_border_width__hover_enabled=&#8220;off&#8220; button_one_border_width__hover_enabled=&#8220;off&#8220; button_two_border_width__hover_enabled=&#8220;off&#8220; button_border_color__hover_enabled=&#8220;off&#8220; button_one_border_color__hover_enabled=&#8220;off&#8220; button_two_border_color__hover_enabled=&#8220;off&#8220; button_border_radius__hover_enabled=&#8220;off&#8220; button_one_border_radius__hover_enabled=&#8220;off&#8220; button_two_border_radius__hover_enabled=&#8220;off&#8220; button_letter_spacing__hover_enabled=&#8220;on&#8220; button_letter_spacing__hover=&#8220;0&#8243; button_one_letter_spacing__hover_enabled=&#8220;off&#8220; button_two_letter_spacing__hover_enabled=&#8220;off&#8220; button_bg_color__hover_enabled=&#8220;off&#8220; button_one_bg_color__hover_enabled=&#8220;off&#8220; button_two_bg_color__hover_enabled=&#8220;off&#8220;][et_pb_slide heading=&#8220;Schaufensterbeschriftung&#8220; button_text=&#8220;Rundgang&#8220; button_link=&#8220;https:\/\/www.moench-werbetechnik.de\/?page_id=86&#8243; use_bg_overlay=&#8220;off&#8220; use_text_overlay=&#8220;off&#8220; _builder_version=&#8220;3.21.1&#8243; header_font=&#8220;||||||||&#8220; body_font=&#8220;||||&#8220; background_color=&#8220;#ffffff&#8220; background_image=&#8220;https:\/\/www.moench-werbetechnik.de\/wp-content\/uploads\/2012\/08\/hh-1.jpg&#8220; background_size=&#8220;default&#8220; background_position=&#8220;default&#8220; custom_button=&#8220;on&#8220; button_border_radius=&#8220;0&#8243; button_font=&#8220;||||&#8220; button_use_icon=&#8220;default&#8220; button_icon_placement=&#8220;right&#8220; button_on_hover=&#8220;on&#8220; button_text_size__hover_enabled=&#8220;off&#8220; button_one_text_size__hover_enabled=&#8220;off&#8220; button_two_text_size__hover_enabled=&#8220;off&#8220; button_text_color__hover_enabled=&#8220;off&#8220; button_one_text_color__hover_enabled=&#8220;off&#8220; button_two_text_color__hover_enabled=&#8220;off&#8220; button_border_width__hover_enabled=&#8220;off&#8220; button_one_border_width__hover_enabled=&#8220;off&#8220; button_two_border_width__hover_enabled=&#8220;off&#8220; button_border_color__hover_enabled=&#8220;off&#8220; button_one_border_color__hover_enabled=&#8220;off&#8220; button_two_border_color__hover_enabled=&#8220;off&#8220; button_border_radius__hover_enabled=&#8220;off&#8220; button_one_border_radius__hover_enabled=&#8220;off&#8220; button_two_border_radius__hover_enabled=&#8220;off&#8220; button_letter_spacing__hover_enabled=&#8220;off&#8220; button_one_letter_spacing__hover_enabled=&#8220;off&#8220; button_two_letter_spacing__hover_enabled=&#8220;off&#8220; button_bg_color__hover_enabled=&#8220;off&#8220; button_one_bg_color__hover_enabled=&#8220;off&#8220; button_two_bg_color__hover_enabled=&#8220;off&#8220;][\/et_pb_slide][\/et_pb_fullwidth_slider][\/et_pb_section][et_pb_section fb_built=&#8220;1&#8243; admin_label=&#8220;section&#8220; _builder_version=&#8220;3.0.47&#8243;][et_pb_row custom_padding=&#8220;0|0px|26px|0px|false|false&#8220; admin_label=&#8220;row&#8220; _builder_version=&#8220;3.21.1&#8243; background_size=&#8220;initial&#8220; background_position=&#8220;top_left&#8220; background_repeat=&#8220;repeat&#8220;][et_pb_column type=&#8220;1_2&#8243; _builder_version=&#8220;3.0.47&#8243;][et_pb_text admin_label=&#8220;Text&#8220; _builder_version=&#8220;3.0.74&#8243; background_size=&#8220;initial&#8220; background_position=&#8220;top_left&#8220; background_repeat=&#8220;repeat&#8220;]<\/p>\n<h1><span face=\"Arial, serif\" style=\"font-family: Arial, serif; font-size: xx-large;\"><span size=\"3\"><b>Professionelle Schaufensterbeschriftung in Stuttgart von M\u00f6nch Werbetechnik<\/b><\/span><\/span><\/h1>\n<p><span style=\"font-size: xx-large;\"><strong><span face=\"Arial, serif\" style=\"font-family: Arial, serif;\"><span size=\"3\"><\/span><\/span><\/strong><\/span><\/p>\n<p><span face=\"Arial, serif\" style=\"font-family: Arial, serif;\"><span size=\"3\" style=\"font-size: medium;\">Ein gutes Schaufenster weckt Emotionen, Aufmerksamkeit, Neugier und Interesse. Wir von M\u00f6nch Werbetechnik in Stuttgart setzen Ihr Schaufenster mit einer individuellen Schaufensterbeschriftung perfekt in Szene. Ziel unserer Arbeit ist, dass Passanten vor Ihrem Gesch\u00e4ft anhalten und es letztendlich auch betreten. Kunden und Passanten bleiben eine gute Schaufensterbeschriftung noch lange im Ged\u00e4chtnis. Als langj\u00e4hriger Partner verschiedener Werbeagenturen bieten wir Ihnen die komplette Herstellung sowie Montage Ihrer Innen- und Au\u00dfenwerbung.<\/span><\/span><\/p>\n<h2><span face=\"Arial, serif\" style=\"font-family: Arial, serif; font-size: x-large;\"><span size=\"3\"><b>Machen Sie Ihr Schaufenster in Stuttgart zum Blickfang<\/b><\/span><\/span><\/h2>\n<p><span face=\"Arial, serif\" style=\"font-family: Arial, serif;\"><span size=\"3\" style=\"font-size: medium;\">Der erste Eindruck z\u00e4hlt: Attraktive Schaufensterbeschriftungen sind ein Must-have f\u00fcr Restaurants, Einzelhandels- und Modefachgesch\u00e4fte aller Art. Egal ob saisonale, ganzj\u00e4hrige, themenbezogene oder unternehmensspezifische Werbung: Individualit\u00e4t und ein hoher Wiedererkennungswert haben im Rahmen unserer Arbeit h\u00f6chste Priorit\u00e4t. Wir informieren Sie \u00fcber die verschiedenen Ausf\u00fchrungsm\u00f6glichkeiten und finden gemeinsam mit Ihnen die ideale L\u00f6sung f\u00fcr Ihr Schaufenster. <\/span><\/span><\/p>\n<p>[\/et_pb_text][\/et_pb_column][et_pb_column type=&#8220;1_2&#8243; _builder_version=&#8220;3.0.47&#8243;][et_pb_text admin_label=&#8220;Text&#8220; _builder_version=&#8220;3.0.74&#8243; background_size=&#8220;initial&#8220; background_position=&#8220;top_left&#8220; background_repeat=&#8220;repeat&#8220;]<\/p>\n<p><span face=\"Arial, serif\" style=\"font-family: Arial, serif;\"><span size=\"3\" style=\"font-size: medium;\"><\/span><\/span><\/p>\n<h3><span face=\"Arial, serif\" style=\"font-family: Arial, serif; font-size: large;\"><span size=\"3\"><b>Unser Leistungsangebot umfasst:<\/b><\/span><\/span><\/h3>\n<p><b style=\"font-size: medium; font-family: Arial, serif;\"><\/b><\/p>\n<ul>\n<li>\n<p><span face=\"Arial, serif\" style=\"font-family: Arial, serif;\"><span size=\"3\" style=\"font-size: medium;\">Einzigartige Schaufensterbeschriftungen<\/span><\/span><\/p>\n<\/li>\n<li>\n<p><span face=\"Arial, serif\" style=\"font-family: Arial, serif;\"><span size=\"3\" style=\"font-size: medium;\">Fahrzeugbeschriftungen<\/span><\/span><\/p>\n<\/li>\n<li>\n<p><span face=\"Arial, serif\" style=\"font-family: Arial, serif;\"><span size=\"3\" style=\"font-size: medium;\">Fassadenwerbung<\/span><\/span><\/p>\n<\/li>\n<li>\n<p><span face=\"Arial, serif\" style=\"font-family: Arial, serif;\"><span size=\"3\" style=\"font-size: medium;\">Sichtschutz<\/span><\/span><\/p>\n<\/li>\n<li>\n<p><span face=\"Arial, serif\" style=\"font-family: Arial, serif;\"><span size=\"3\" style=\"font-size: medium;\">Pers\u00f6nliche Beratung<\/span><\/span><\/p>\n<\/li>\n<li>\n<p><span face=\"Arial, serif\" style=\"font-family: Arial, serif;\"><span size=\"3\" style=\"font-size: medium;\">Und vieles mehr<\/span><\/span><\/p>\n<\/li>\n<\/ul>\n<h2><\/h2>\n<h2><span face=\"Arial, serif\" style=\"font-family: Arial, serif; font-size: x-large;\"><span size=\"3\"><b>Ihr Weg zum erfolgreichen ersten Eindruck<\/b><\/span><\/span><\/h2>\n<p><span style=\"font-size: medium; font-family: Arial, serif;\">Wer heutzutage durch die Fu\u00dfg\u00e4ngerzone spaziert, der sieht wohl kaum ein Schaufenster ohne Beklebungen oder Folien. Umso wichtiger ist es, aus der Masse herauszustechen und das eigene Angebot auf den Punkt zu pr\u00e4sentieren. Nutzen Sie die vielf\u00e4ltigen M\u00f6glichkeiten der Schaufensterbeschriftung in Stuttgart und zeigen Sie Ihr Gesch\u00e4ft von seiner besten Seite.<\/span><\/p>\n<p>[\/et_pb_text][\/et_pb_column][\/et_pb_row][\/et_pb_section]<\/p>\n","protected":false},"excerpt":{"rendered":"<p>Professionelle Schaufensterbeschriftung in Stuttgart von M\u00f6nch Werbetechnik Ein gutes Schaufenster weckt Emotionen, Aufmerksamkeit, Neugier und Interesse. Wir von M\u00f6nch Werbetechnik in Stuttgart setzen Ihr Schaufenster mit einer individuellen Schaufensterbeschriftung perfekt in Szene. Ziel unserer Arbeit ist, dass Passanten vor Ihrem Gesch\u00e4ft anhalten und es letztendlich auch betreten. Kunden und Passanten bleiben eine gute Schaufensterbeschriftung noch [&hellip;]<\/p>\n","protected":false},"author":2,"featured_media":0,"parent":0,"menu_order":0,"comment_status":"closed","ping_status":"closed","template":"","meta":{"_et_pb_use_builder":"on","_et_pb_old_content":"","_et_gb_content_width":"","ngg_post_thumbnail":0,"footnotes":"","_links_to":"","_links_to_target":""},"class_list":["post-1702","page","type-page","status-publish","hentry"],"_links":{"self":[{"href":"https:\/\/www.moench-werbetechnik.de\/index.php?rest_route=\/wp\/v2\/pages\/1702","targetHints":{"allow":["GET"]}}],"collection":[{"href":"https:\/\/www.moench-werbetechnik.de\/index.php?rest_route=\/wp\/v2\/pages"}],"about":[{"href":"https:\/\/www.moench-werbetechnik.de\/index.php?rest_route=\/wp\/v2\/types\/page"}],"author":[{"embeddable":true,"href":"https:\/\/www.moench-werbetechnik.de\/index.php?rest_route=\/wp\/v2\/users\/2"}],"replies":[{"embeddable":true,"href":"https:\/\/www.moench-werbetechnik.de\/index.php?rest_route=%2Fwp%2Fv2%2Fcomments&post=1702"}],"version-history":[{"count":2,"href":"https:\/\/www.moench-werbetechnik.de\/index.php?rest_route=\/wp\/v2\/pages\/1702\/revisions"}],"predecessor-version":[{"id":1705,"href":"https:\/\/www.moench-werbetechnik.de\/index.php?rest_route=\/wp\/v2\/pages\/1702\/revisions\/1705"}],"wp:attachment":[{"href":"https:\/\/www.moench-werbetechnik.de\/index.php?rest_route=%2Fwp%2Fv2%2Fmedia&parent=1702"}],"curies":[{"name":"wp","href":"https:\/\/api.w.org\/{rel}","templated":true}]}}

<p>[et_pb_section fb_built=&#8220;1&#8243; fullwidth=&#8220;on&#8220; admin_label=&#8220;section&#8220; _builder_version=&#8220;3.0.47&#8243;][et_pb_fullwidth_slider admin_label=&#8220;Fullwidth Slider&#8220; _builder_version=&#8220;3.21.1&#8243; header_font=&#8220;||||||||&#8220; background_size=&#8220;default&#8220; background_position=&#8220;default&#8220; box_shadow_style=&#8220;preset6&#8243; box_shadow_blur=&#8220;10px&#8220; box_shadow_color=&#8220;rgba(0,0,0,0.1)&#8220; custom_padding=&#8220;|||&#8220; custom_padding_tablet=&#8220;|||&#8220; custom_padding_phone=&#8220;|||&#8220; auto=&#8220;on&#8220; auto_speed=&#8220;5000&#8243; remove_inner_shadow=&#8220;off&#8220; hide_content_on_mobile=&#8220;off&#8220; hide_cta_on_mobile=&#8220;off&#8220; show_inner_shadow=&#8220;on&#8220; button_letter_spacing_hover=&#8220;0&#8243; button_text_size__hover_enabled=&#8220;off&#8220; button_one_text_size__hover_enabled=&#8220;off&#8220; button_two_text_size__hover_enabled=&#8220;off&#8220; button_text_color__hover_enabled=&#8220;off&#8220; button_one_text_color__hover_enabled=&#8220;off&#8220; button_two_text_color__hover_enabled=&#8220;off&#8220; button_border_width__hover_enabled=&#8220;off&#8220; button_one_border_width__hover_enabled=&#8220;off&#8220; button_two_border_width__hover_enabled=&#8220;off&#8220; button_border_color__hover_enabled=&#8220;off&#8220; button_one_border_color__hover_enabled=&#8220;off&#8220; button_two_border_color__hover_enabled=&#8220;off&#8220; button_border_radius__hover_enabled=&#8220;off&#8220; button_one_border_radius__hover_enabled=&#8220;off&#8220; button_two_border_radius__hover_enabled=&#8220;off&#8220; button_letter_spacing__hover_enabled=&#8220;on&#8220; button_letter_spacing__hover=&#8220;0&#8243; button_one_letter_spacing__hover_enabled=&#8220;off&#8220; button_two_letter_spacing__hover_enabled=&#8220;off&#8220; button_bg_color__hover_enabled=&#8220;off&#8220; button_one_bg_color__hover_enabled=&#8220;off&#8220; button_two_bg_color__hover_enabled=&#8220;off&#8220;][et_pb_slide heading=&#8220;Schaufensterbeschriftung&#8220; button_text=&#8220;Rundgang&#8220; button_link=&#8220;https://www.moench-werbetechnik.de/?page_id=86&#8243; use_bg_overlay=&#8220;off&#8220; use_text_overlay=&#8220;off&#8220; _builder_version=&#8220;3.21.1&#8243; header_font=&#8220;||||||||&#8220; body_font=&#8220;||||&#8220; background_color=&#8220;#ffffff&#8220; background_image=&#8220;https://www.moench-werbetechnik.de/wp-content/uploads/2012/08/hh-1.jpg&#8220; background_size=&#8220;default&#8220; background_position=&#8220;default&#8220; custom_button=&#8220;on&#8220; button_border_radius=&#8220;0&#8243; button_font=&#8220;||||&#8220; button_use_icon=&#8220;default&#8220; button_icon_placement=&#8220;right&#8220; button_on_hover=&#8220;on&#8220; button_text_size__hover_enabled=&#8220;off&#8220; button_one_text_size__hover_enabled=&#8220;off&#8220; button_two_text_size__hover_enabled=&#8220;off&#8220; button_text_color__hover_enabled=&#8220;off&#8220; button_one_text_color__hover_enabled=&#8220;off&#8220; button_two_text_color__hover_enabled=&#8220;off&#8220; button_border_width__hover_enabled=&#8220;off&#8220; button_one_border_width__hover_enabled=&#8220;off&#8220; button_two_border_width__hover_enabled=&#8220;off&#8220; button_border_color__hover_enabled=&#8220;off&#8220; button_one_border_color__hover_enabled=&#8220;off&#8220; button_two_border_color__hover_enabled=&#8220;off&#8220; button_border_radius__hover_enabled=&#8220;off&#8220; button_one_border_radius__hover_enabled=&#8220;off&#8220; button_two_border_radius__hover_enabled=&#8220;off&#8220; button_letter_spacing__hover_enabled=&#8220;off&#8220; button_one_letter_spacing__hover_enabled=&#8220;off&#8220; button_two_letter_spacing__hover_enabled=&#8220;off&#8220; button_bg_color__hover_enabled=&#8220;off&#8220; button_one_bg_color__hover_enabled=&#8220;off&#8220; button_two_bg_color__hover_enabled=&#8220;off&#8220;][/et_pb_slide][/et_pb_fullwidth_slider][/et_pb_section][et_pb_section fb_built=&#8220;1&#8243; admin_label=&#8220;section&#8220; _builder_version=&#8220;3.0.47&#8243;][et_pb_row custom_padding=&#8220;0|0px|26px|0px|false|false&#8220; admin_label=&#8220;row&#8220; _builder_version=&#8220;3.21.1&#8243; background_size=&#8220;initial&#8220; background_position=&#8220;top_left&#8220; background_repeat=&#8220;repeat&#8220;][et_pb_column type=&#8220;1_2&#8243; _builder_version=&#8220;3.0.47&#8243;][et_pb_text admin_label=&#8220;Text&#8220; _builder_version=&#8220;3.0.74&#8243; background_size=&#8220;initial&#8220; background_position=&#8220;top_left&#8220; background_repeat=&#8220;repeat&#8220;]</p>
<h1><span face="Arial, serif" style="font-family: Arial, serif; font-size: xx-large;"><span size="3"><b>Professionelle Schaufensterbeschriftung in Stuttgart von Mönch Werbetechnik</b></span></span></h1>
<p><span style="font-size: xx-large;"><strong><span face="Arial, serif" style="font-family: Arial, serif;"><span size="3"></span></span></strong></span></p>
<p><span face="Arial, serif" style="font-family: Arial, serif;"><span size="3" style="font-size: medium;">Ein gutes Schaufenster weckt Emotionen, Aufmerksamkeit, Neugier und Interesse. Wir von Mönch Werbetechnik in Stuttgart setzen Ihr Schaufenster mit einer individuellen Schaufensterbeschriftung perfekt in Szene. Ziel unserer Arbeit ist, dass Passanten vor Ihrem Geschäft anhalten und es letztendlich auch betreten. Kunden und Passanten bleiben eine gute Schaufensterbeschriftung noch lange im Gedächtnis. Als langjähriger Partner verschiedener Werbeagenturen bieten wir Ihnen die komplette Herstellung sowie Montage Ihrer Innen- und Außenwerbung.</span></span></p>
<h2><span face="Arial, serif" style="font-family: Arial, serif; font-size: x-large;"><span size="3"><b>Machen Sie Ihr Schaufenster in Stuttgart zum Blickfang</b></span></span></h2>
<p><span face="Arial, serif" style="font-family: Arial, serif;"><span size="3" style="font-size: medium;">Der erste Eindruck zählt: Attraktive Schaufensterbeschriftungen sind ein Must-have für Restaurants, Einzelhandels- und Modefachgeschäfte aller Art. Egal ob saisonale, ganzjährige, themenbezogene oder unternehmensspezifische Werbung: Individualität und ein hoher Wiedererkennungswert haben im Rahmen unserer Arbeit höchste Priorität. Wir informieren Sie über die verschiedenen Ausführungsmöglichkeiten und finden gemeinsam mit Ihnen die ideale Lösung für Ihr Schaufenster. </span></span></p>
<p>[/et_pb_text][/et_pb_column][et_pb_column type=&#8220;1_2&#8243; _builder_version=&#8220;3.0.47&#8243;][et_pb_text admin_label=&#8220;Text&#8220; _builder_version=&#8220;3.0.74&#8243; background_size=&#8220;initial&#8220; background_position=&#8220;top_left&#8220; background_repeat=&#8220;repeat&#8220;]</p>
<p><span face="Arial, serif" style="font-family: Arial, serif;"><span size="3" style="font-size: medium;"></span></span></p>
<h3><span face="Arial, serif" style="font-family: Arial, serif; font-size: large;"><span size="3"><b>Unser Leistungsangebot umfasst:</b></span></span></h3>
<p><b style="font-size: medium; font-family: Arial, serif;"></b></p>
<ul>
<li>
<p><span face="Arial, serif" style="font-family: Arial, serif;"><span size="3" style="font-size: medium;">Einzigartige Schaufensterbeschriftungen</span></span></p>
</li>
<li>
<p><span face="Arial, serif" style="font-family: Arial, serif;"><span size="3" style="font-size: medium;">Fahrzeugbeschriftungen</span></span></p>
</li>
<li>
<p><span face="Arial, serif" style="font-family: Arial, serif;"><span size="3" style="font-size: medium;">Fassadenwerbung</span></span></p>
</li>
<li>
<p><span face="Arial, serif" style="font-family: Arial, serif;"><span size="3" style="font-size: medium;">Sichtschutz</span></span></p>
</li>
<li>
<p><span face="Arial, serif" style="font-family: Arial, serif;"><span size="3" style="font-size: medium;">Persönliche Beratung</span></span></p>
</li>
<li>
<p><span face="Arial, serif" style="font-family: Arial, serif;"><span size="3" style="font-size: medium;">Und vieles mehr</span></span></p>
</li>
</ul>
<h2></h2>
<h2><span face="Arial, serif" style="font-family: Arial, serif; font-size: x-large;"><span size="3"><b>Ihr Weg zum erfolgreichen ersten Eindruck</b></span></span></h2>
<p><span style="font-size: medium; font-family: Arial, serif;">Wer heutzutage durch die Fußgängerzone spaziert, der sieht wohl kaum ein Schaufenster ohne Beklebungen oder Folien. Umso wichtiger ist es, aus der Masse herauszustechen und das eigene Angebot auf den Punkt zu präsentieren. Nutzen Sie die vielfältigen Möglichkeiten der Schaufensterbeschriftung in Stuttgart und zeigen Sie Ihr Geschäft von seiner besten Seite.</span></p>
<p>[/et_pb_text][/et_pb_column][/et_pb_row][/et_pb_section]</p>

<p>Professionelle Schaufensterbeschriftung in Stuttgart von Mönch Werbetechnik Ein gutes Schaufenster weckt Emotionen, Aufmerksamkeit, Neugier und Interesse. Wir von Mönch Werbetechnik in Stuttgart setzen Ihr Schaufenster mit einer individuellen Schaufensterbeschriftung perfekt in Szene. Ziel unserer Arbeit ist, dass Passanten vor Ihrem Geschäft anhalten und es letztendlich auch betreten. Kunden und Passanten bleiben eine gute Schaufensterbeschriftung noch [&hellip;]</p>
