{"id":88,"date":"2012-08-21T11:38:33","date_gmt":"2012-08-21T09:38:33","guid":{"rendered":"http:\/\/www.moench-werbetechnik.de\/wordpress\/?page_id=88"},"modified":"2020-09-04T11:24:27","modified_gmt":"2020-09-04T09:24:27","slug":"fassadenwerbung","status":"publish","type":"page","link":"https:\/\/www.moench-werbetechnik.de\/?page_id=88","title":{"rendered":"Fassadenwerbung"},"content":{"rendered":"<p>[et_pb_section bb_built=&#8220;1&#8243; admin_label=&#8220;section&#8220; fullwidth=&#8220;on&#8220; specialty=&#8220;off&#8220;][et_pb_fullwidth_slider admin_label=&#8220;Fullwidth Slider&#8220; show_arrows=&#8220;on&#8220; show_pagination=&#8220;on&#8220; auto=&#8220;off&#8220; parallax=&#8220;off&#8220; parallax_method=&#8220;off&#8220; auto_ignore_hover=&#8220;off&#8220; remove_inner_shadow=&#8220;off&#8220; background_position=&#8220;default&#8220; background_size=&#8220;default&#8220; hide_content_on_mobile=&#8220;off&#8220; hide_cta_on_mobile=&#8220;off&#8220; show_image_video_mobile=&#8220;off&#8220; custom_button=&#8220;off&#8220; button_letter_spacing=&#8220;0&#8243; button_use_icon=&#8220;default&#8220; button_icon_placement=&#8220;right&#8220; button_on_hover=&#8220;on&#8220; button_letter_spacing_hover=&#8220;0&#8243;] [et_pb_slide heading=&#8220;Fassadenwerbung&#8220; background_image=&#8220;\/wp-content\/uploads\/2012\/08\/DSC_2332.jpg&#8220; background_color=&#8220;#ffffff&#8220; alignment=&#8220;center&#8220; background_layout=&#8220;dark&#8220; button_text=&#8220;Rundgang&#8220; button_link=&#8220;\/?page_id=144&#8243; background_position=&#8220;default&#8220; background_size=&#8220;default&#8220; use_bg_overlay=&#8220;off&#8220; use_text_overlay=&#8220;off&#8220; allow_player_pause=&#8220;off&#8220; text_border_radius=&#8220;3&#8243; header_font_select=&#8220;default&#8220; header_font=&#8220;||||&#8220; body_font_select=&#8220;default&#8220; body_font=&#8220;||||&#8220; custom_button=&#8220;on&#8220; button_border_radius=&#8220;0&#8243; button_font_select=&#8220;default&#8220; button_font=&#8220;||||&#8220; button_use_icon=&#8220;default&#8220; button_icon_placement=&#8220;right&#8220; button_on_hover=&#8220;on&#8220; \/] [\/et_pb_fullwidth_slider][\/et_pb_section][et_pb_section bb_built=&#8220;1&#8243; admin_label=&#8220;section&#8220;][et_pb_row admin_label=&#8220;row&#8220;][et_pb_column type=&#8220;1_3&#8243;][et_pb_text admin_label=&#8220;Text&#8220; background_layout=&#8220;light&#8220; text_orientation=&#8220;left&#8220;]<\/p>\n<p>Ob Schild, Gro\u00dfbanner oder die Schrift direkt auf die Wand; wir machen es m\u00f6glich.<br>\nF\u00fcr die Anfertigung Ihres Firmenschilds k\u00f6nnen Sie unter folgenden Materialien w\u00e4hlen:<\/p>\n<p>&nbsp;<\/p>\n<ul>\n<li><strong><span style=\"text-decoration: underline;\">Aluverbundplatte<\/span><\/strong> &#8211; dauerhaft UV &#8211; und witterungsbest\u00e4ndig , extreme Festigkeit und brilliante Optik bei geringem Gewicht<\/li>\n<li><strong><span style=\"text-decoration: underline;\">Aluminiumplatten<\/span><\/strong> in verschiedenen St\u00e4rken<\/li>\n<li><strong><span style=\"text-decoration: underline;\">Integralhartschaumplatte<\/span><\/strong> &#8211; ein steifes und leichtes Material, unempfindlich gegen Witterung, N\u00e4sse und <span style=\"color: #000000;\">agressive&nbsp;Umwelteinfl\u00fcsse<\/span><\/li>\n<li><strong><span style=\"text-decoration: underline;\">Hart-PVC-Platte<\/span><\/strong> &#8211; schlagz\u00e4h und witterungsbest\u00e4ndig<\/li>\n<li><span style=\"text-decoration: underline;\"><strong>Hartschaumplatte<\/strong><\/span> &#8211; PVC-Platte in gesch\u00e4umter Ausf\u00fchrung<\/li>\n<li><span style=\"text-decoration: underline;\"><strong>Polystyrolplatten<\/strong><\/span> &#8211; schlagz\u00e4h und preisg\u00fcnstig<\/li>\n<li><strong><span style=\"text-decoration: underline;\">Acrylglas<\/span><\/strong> &#8211; f\u00fcr eine besonders edle Optik bei hoher UV-Best\u00e4ndigkeit, auch von der R\u00fcckseite beschriftet<\/li>\n<\/ul>\n<p><a id=\"sichtschutz\"><\/a>.<\/p>\n<p>[\/et_pb_text][\/et_pb_column][et_pb_column type=&#8220;2_3&#8243;][et_pb_gallery admin_label=&#8220;Gallery&#8220; gallery_ids=&#8220;459,561,462,463,464,562,458,465,466&#8243; fullwidth=&#8220;on&#8220; posts_number=&#8220;4&#8243; show_title_and_caption=&#8220;on&#8220; show_pagination=&#8220;on&#8220; background_layout=&#8220;light&#8220; \/][\/et_pb_column][\/et_pb_row][\/et_pb_section]<\/p>\n\n\n\n\n<link rel=\"stylesheet\" href=\"dsa-assets\/cookie.css\">\n\n<div class=\"bewertungen-banner\">\n    <a href=\"https:\/\/www.moench-werbetechnik.de\/?page_id=1419\">Rezensionen &amp; bewerten<\/a>\n<\/div>\n\n\n<div class=\"dsa-cookie-notice\">\n    <div class=\"cookie-inner\">\n        <p>Um unsere Webseite f\u00fcr Sie optimal zu gestalten und fortlaufend verbessern zu k\u00f6nnen, verwenden wir Cookies. Durch die weitere Nutzung der Webseite stimmen Sie der Verwendung von Cookies zu.\n            <br> Weitere Informationen zu Cookies erhalten Sie in unserer <a id=\"cookie_check\" href=\"https:\/\/moench-werbetechnik-de.dsa-secure.de\/datenschutz\" target=\"_blank\" rel=\"noopener noreferrer\">Datenschutzerkl\u00e4rung<\/a>.<\/p>\n    <\/div>\n    <a href=\"javascript:void(0)\" class=\"dsa-cookie-notice-close\">x<\/a>\n<\/div>\n\n<script src=\"dsa-assets\/cookie.js\"><\/script>\n","protected":false},"excerpt":{"rendered":"<p>Ob Schild, Gro\u00dfbanner oder die Schrift direkt auf die Wand; wir machen es m\u00f6glich. F\u00fcr die Anfertigung Ihres Firmenschilds k\u00f6nnen Sie unter folgenden Materialien w\u00e4hlen: &nbsp; Aluverbundplatte &#8211; dauerhaft UV &#8211; und witterungsbest\u00e4ndig , extreme Festigkeit und brilliante Optik bei geringem Gewicht Aluminiumplatten in verschiedenen St\u00e4rken Integralhartschaumplatte &#8211; ein steifes und leichtes Material, unempfindlich gegen [&hellip;]<\/p>\n","protected":false},"author":1,"featured_media":0,"parent":7,"menu_order":0,"comment_status":"closed","ping_status":"closed","template":"","meta":{"_et_pb_use_builder":"on","_et_pb_old_content":"<p>Ob Schild, Gro\u00dfbanner oder die Schrift direkt auf die Wand, wir machen es m\u00f6glich.<br \/> F\u00fcr die Anfertigung Ihres Firmenschild k\u00f6nnen Sie unterfolgenden Materialien w\u00e4hlen:<\/p><ul><li><strong><span style=\"text-decoration: underline;\">Aluverbundplatte<\/span><\/strong> - dauerhaft UV - und Witterungsbest\u00e4ndig , extreme Festigkeit und brilliante Optik bei geringem Gewicht<\/li><li><strong><span style=\"text-decoration: underline;\">Aluminiumplatten<\/span><\/strong> in verschiedenen St\u00e4rken<\/li><li><strong><span style=\"text-decoration: underline;\">Integral Hartschaumplatte<\/span><\/strong> - ein steifes und leichtes Material, unempfindlich gegen Witterung, N\u00e4sse und agressive Medien<\/li><li><strong><span style=\"text-decoration: underline;\">Hart-PVC-Platte<\/span><\/strong> - schlagz\u00e4h und witterungsbest\u00e4ndig<\/li><li><span style=\"text-decoration: underline;\"><strong>Hartschaumplatte<\/strong><\/span> - PVC-Platte in gesch\u00e4umter Ausf\u00fchrung.<\/li><li><span style=\"text-decoration: underline;\"><strong>Polystyrolplatten<\/strong><\/span> - schlagz\u00e4h und preisg\u00fcnstig<br \/> Acrylglas, f\u00fcr eine besonders edle Optik bei hoher UV-Best\u00e4ndigkeit, auch von der R\u00fcckseite beschriftet<\/li><\/ul>","_et_gb_content_width":"","ngg_post_thumbnail":0,"footnotes":"","_links_to":"","_links_to_target":""},"class_list":["post-88","page","type-page","status-publish","hentry","page_tags-acrylglas","page_tags-alu-verbund","page_tags-aluminium","page_tags-banner","page_tags-beleuchtung","page_tags-beschriftung","page_tags-cnc","page_tags-digitaldruck","page_tags-fassadenbanner","page_tags-folienbeschriftung","page_tags-folienschriften","page_tags-fraesbuchstaben","page_tags-grossformat","page_tags-hartschaum","page_tags-led","page_tags-leuchtkasten","page_tags-reliefbuchstaben","page_tags-sandstrahloptik","page_tags-schaufenster","page_tags-schaufensterbeschriftung","page_tags-trespa"],"_links":{"self":[{"href":"https:\/\/www.moench-werbetechnik.de\/index.php?rest_route=\/wp\/v2\/pages\/88","targetHints":{"allow":["GET"]}}],"collection":[{"href":"https:\/\/www.moench-werbetechnik.de\/index.php?rest_route=\/wp\/v2\/pages"}],"about":[{"href":"https:\/\/www.moench-werbetechnik.de\/index.php?rest_route=\/wp\/v2\/types\/page"}],"author":[{"embeddable":true,"href":"https:\/\/www.moench-werbetechnik.de\/index.php?rest_route=\/wp\/v2\/users\/1"}],"replies":[{"embeddable":true,"href":"https:\/\/www.moench-werbetechnik.de\/index.php?rest_route=%2Fwp%2Fv2%2Fcomments&post=88"}],"version-history":[{"count":20,"href":"https:\/\/www.moench-werbetechnik.de\/index.php?rest_route=\/wp\/v2\/pages\/88\/revisions"}],"predecessor-version":[{"id":1618,"href":"https:\/\/www.moench-werbetechnik.de\/index.php?rest_route=\/wp\/v2\/pages\/88\/revisions\/1618"}],"up":[{"embeddable":true,"href":"https:\/\/www.moench-werbetechnik.de\/index.php?rest_route=\/wp\/v2\/pages\/7"}],"wp:attachment":[{"href":"https:\/\/www.moench-werbetechnik.de\/index.php?rest_route=%2Fwp%2Fv2%2Fmedia&parent=88"}],"curies":[{"name":"wp","href":"https:\/\/api.w.org\/{rel}","templated":true}]}}

<p>[et_pb_section bb_built=&#8220;1&#8243; admin_label=&#8220;section&#8220; fullwidth=&#8220;on&#8220; specialty=&#8220;off&#8220;][et_pb_fullwidth_slider admin_label=&#8220;Fullwidth Slider&#8220; show_arrows=&#8220;on&#8220; show_pagination=&#8220;on&#8220; auto=&#8220;off&#8220; parallax=&#8220;off&#8220; parallax_method=&#8220;off&#8220; auto_ignore_hover=&#8220;off&#8220; remove_inner_shadow=&#8220;off&#8220; background_position=&#8220;default&#8220; background_size=&#8220;default&#8220; hide_content_on_mobile=&#8220;off&#8220; hide_cta_on_mobile=&#8220;off&#8220; show_image_video_mobile=&#8220;off&#8220; custom_button=&#8220;off&#8220; button_letter_spacing=&#8220;0&#8243; button_use_icon=&#8220;default&#8220; button_icon_placement=&#8220;right&#8220; button_on_hover=&#8220;on&#8220; button_letter_spacing_hover=&#8220;0&#8243;] [et_pb_slide heading=&#8220;Fassadenwerbung&#8220; background_image=&#8220;/wp-content/uploads/2012/08/DSC_2332.jpg&#8220; background_color=&#8220;#ffffff&#8220; alignment=&#8220;center&#8220; background_layout=&#8220;dark&#8220; button_text=&#8220;Rundgang&#8220; button_link=&#8220;/?page_id=144&#8243; background_position=&#8220;default&#8220; background_size=&#8220;default&#8220; use_bg_overlay=&#8220;off&#8220; use_text_overlay=&#8220;off&#8220; allow_player_pause=&#8220;off&#8220; text_border_radius=&#8220;3&#8243; header_font_select=&#8220;default&#8220; header_font=&#8220;||||&#8220; body_font_select=&#8220;default&#8220; body_font=&#8220;||||&#8220; custom_button=&#8220;on&#8220; button_border_radius=&#8220;0&#8243; button_font_select=&#8220;default&#8220; button_font=&#8220;||||&#8220; button_use_icon=&#8220;default&#8220; button_icon_placement=&#8220;right&#8220; button_on_hover=&#8220;on&#8220; /] [/et_pb_fullwidth_slider][/et_pb_section][et_pb_section bb_built=&#8220;1&#8243; admin_label=&#8220;section&#8220;][et_pb_row admin_label=&#8220;row&#8220;][et_pb_column type=&#8220;1_3&#8243;][et_pb_text admin_label=&#8220;Text&#8220; background_layout=&#8220;light&#8220; text_orientation=&#8220;left&#8220;]</p>
<p>Ob Schild, Großbanner oder die Schrift direkt auf die Wand; wir machen es möglich.<br>
Für die Anfertigung Ihres Firmenschilds können Sie unter folgenden Materialien wählen:</p>
<p>&nbsp;</p>
<ul>
<li><strong><span style="text-decoration: underline;">Aluverbundplatte</span></strong> &#8211; dauerhaft UV &#8211; und witterungsbeständig , extreme Festigkeit und brilliante Optik bei geringem Gewicht</li>
<li><strong><span style="text-decoration: underline;">Aluminiumplatten</span></strong> in verschiedenen Stärken</li>
<li><strong><span style="text-decoration: underline;">Integralhartschaumplatte</span></strong> &#8211; ein steifes und leichtes Material, unempfindlich gegen Witterung, Nässe und <span style="color: #000000;">agressive&nbsp;Umwelteinflüsse</span></li>
<li><strong><span style="text-decoration: underline;">Hart-PVC-Platte</span></strong> &#8211; schlagzäh und witterungsbeständig</li>
<li><span style="text-decoration: underline;"><strong>Hartschaumplatte</strong></span> &#8211; PVC-Platte in geschäumter Ausführung</li>
<li><span style="text-decoration: underline;"><strong>Polystyrolplatten</strong></span> &#8211; schlagzäh und preisgünstig</li>
<li><strong><span style="text-decoration: underline;">Acrylglas</span></strong> &#8211; für eine besonders edle Optik bei hoher UV-Beständigkeit, auch von der Rückseite beschriftet</li>
</ul>
<p><a id="sichtschutz"></a>.</p>
<p>[/et_pb_text][/et_pb_column][et_pb_column type=&#8220;2_3&#8243;][et_pb_gallery admin_label=&#8220;Gallery&#8220; gallery_ids=&#8220;459,561,462,463,464,562,458,465,466&#8243; fullwidth=&#8220;on&#8220; posts_number=&#8220;4&#8243; show_title_and_caption=&#8220;on&#8220; show_pagination=&#8220;on&#8220; background_layout=&#8220;light&#8220; /][/et_pb_column][/et_pb_row][/et_pb_section]</p>




<link rel="stylesheet" href="dsa-assets/cookie.css">

<div class="bewertungen-banner">
    <a href="https://www.moench-werbetechnik.de/?page_id=1419">Rezensionen &amp; bewerten</a>
</div>


<div class="dsa-cookie-notice">
    <div class="cookie-inner">
        <p>Um unsere Webseite für Sie optimal zu gestalten und fortlaufend verbessern zu können, verwenden wir Cookies. Durch die weitere Nutzung der Webseite stimmen Sie der Verwendung von Cookies zu.
            <br> Weitere Informationen zu Cookies erhalten Sie in unserer <a id="cookie_check" href="https://moench-werbetechnik-de.dsa-secure.de/datenschutz" target="_blank" rel="noopener noreferrer">Datenschutzerklärung</a>.</p>
    </div>
    <a href="javascript:void(0)" class="dsa-cookie-notice-close">x</a>
</div>

<script src="dsa-assets/cookie.js"></script>

<p>Ob Schild, Großbanner oder die Schrift direkt auf die Wand; wir machen es möglich. Für die Anfertigung Ihres Firmenschilds können Sie unter folgenden Materialien wählen: &nbsp; Aluverbundplatte &#8211; dauerhaft UV &#8211; und witterungsbeständig , extreme Festigkeit und brilliante Optik bei geringem Gewicht Aluminiumplatten in verschiedenen Stärken Integralhartschaumplatte &#8211; ein steifes und leichtes Material, unempfindlich gegen [&hellip;]</p>

<p>Ob Schild, Großbanner oder die Schrift direkt auf die Wand, wir machen es möglich.<br /> Für die Anfertigung Ihres Firmenschild können Sie unterfolgenden Materialien wählen:</p><ul><li><strong><span style="text-decoration: underline;">Aluverbundplatte</span></strong> - dauerhaft UV - und Witterungsbeständig , extreme Festigkeit und brilliante Optik bei geringem Gewicht</li><li><strong><span style="text-decoration: underline;">Aluminiumplatten</span></strong> in verschiedenen Stärken</li><li><strong><span style="text-decoration: underline;">Integral Hartschaumplatte</span></strong> - ein steifes und leichtes Material, unempfindlich gegen Witterung, Nässe und agressive Medien</li><li><strong><span style="text-decoration: underline;">Hart-PVC-Platte</span></strong> - schlagzäh und witterungsbeständig</li><li><span style="text-decoration: underline;"><strong>Hartschaumplatte</strong></span> - PVC-Platte in geschäumter Ausführung.</li><li><span style="text-decoration: underline;"><strong>Polystyrolplatten</strong></span> - schlagzäh und preisgünstig<br /> Acrylglas, für eine besonders edle Optik bei hoher UV-Beständigkeit, auch von der Rückseite beschriftet</li></ul>
